 4*n(g) - 3*s(g). Is y(6) a prime number?
False
Is ((-2 + 0)/((-2)/(-122961)))/(-3) a prime number?
False
Let z = -28662 - -16206. Let y = -3185 - z. Is y a prime number?
False
Let o be ((-4)/(-8))/(2/90264). Suppose -38*v - o = -44*v. Is v prime?
True
Is (-15)/(-9) + (-82)/42 + (-27015)/(-7) a prime number?
False
Let c be 2*6/8*352/48. Suppose c*h - 161725 = -14*h. Is h prime?
True
Suppose -10*z = -0*z - 36570. Suppose -35*h + z = -12*h. Is h composite?
True
Suppose 5*s - 4*i = -0*i + 17, -5*i = 3*s - 25. Suppose 3*q + s*z - 2263 = 3*z, 5*q - 3773 = -2*z. Suppose 2533 - q = 2*v. Is v a prime number?
False
Suppose -53*a + 220 = -9*a. Suppose 0 = -4*t - a*y + 98909, -4*t - 5*y + 98904 = -y. Is t prime?
False
Let i(r) = r**3 - 6*r**2 - 3*r - 3. Let f be i(5). Let n = f - -46. Is 135 + 1 + -8 + n a prime number?
True
Let z(o) be the third derivative of -o**5/30 - o**4/3 + 5*o**3/2 + 15*o**2. Let x be z(9). Let b = x + 666. Is b a prime number?
False
Let d(u) = -40805*u + 191. Is d(-8) a composite number?
True
Let r(t) = 2952*t - 305. Is r(43) prime?
True
Suppose 6*d - 45475 - 4805 = 0. Suppose 3*a - 5*j + d + 1365 = 0, -a + 5*j - 3255 = 0. Is a/(-17) + 6/51 composite?
False
Let w be (1 - 0) + 17 + 11749. Let r = w + -7838. Suppose -2*m - f = -1577, -5*m + 3*f + r = f. Is m a composite number?
False
Suppose -d - 20 = -5*w + w, -w = -4*d - 5. Let c be (w - 4 - 1) + -3. Is (-721)/(-1) + c - -1 prime?
True
Is (8739/(-18))/((-7)/1442) a composite number?
True
Suppose -3*t + 922495 = -b, 3*t - 922501 = -0*b - 2*b. Is t composite?
True
Suppose 63 = -4*c - 4*l - 17, c + 12 = -3*l. Let v = 28 + c. Let d = 49 + v. Is d a prime number?
True
Let m = -42 - -35. Let h(s) = 54*s + 2. Let l(u) = 108*u + 3. Let z(a) = -7*h(a) + 3*l(a). Is z(m) a prime number?
True
Let f = -92 + 95. Suppose 15055 + 24047 = f*z. Suppose 4*j + 3*t - 13042 = 0, 5*j - t - z = j. Is j composite?
False
Let z(s) = s**3 + 5*s**2 - 13*s + 8. Let m be z(-7). Suppose -3*w - l + 11 = 0, -3*w - m + 0 = -5*l. Is w/2*(-1492)/(-6) composite?
False
Is (-81)/(-135) - (-175848)/5*(-24)/(-36) a composite number?
False
Let d be (-31)/3 - (-1 - 12/(-18)). Let w be ((-8)/d)/((-2)/(-10)). Suppose 1949 = w*p - 5343. Is p a composite number?
False
Let g = 49 - 38. Suppose g*u - 47820 = -u. Is u a composite number?
True
Let z(i) = 269*i**2 + 412*i - 291. Is z(64) a composite number?
True
Suppose -2*p = -2*s - 0*s - 17526, 2*p + 5*s - 17498 = 0. Suppose j = -4*d + p, -4*d - 4*j + 8744 = -0*j. Let l = -242 + d. Is l prime?
True
Suppose 15*l + 17*l - 32 = 0. Is (-66258)/(-54) - (2/l - 2) a composite number?
True
Suppose -72*c - 224*c = -39*c - 4714922. Is c a prime number?
False
Let t be 15/10*-14*710/(-3). Let b = 16977 - t. Is b a composite number?
False
Suppose 1918192 = 4*i - 3*a, -2*i - 165*a + 164*a = -959106. Is i a prime number?
False
Suppose 5*u = 7*u - 4. Suppose -y - 2 = 2*r, -u*r = -y + 2*r + 4. Suppose -5*a + 552 + 1413 = y. Is a a prime number?
False
Let p = -32046 - -14631. Let d = 38336 + p. Is d a composite number?
False
Let j = -111 - -182. Let s = -37 + 37. Suppose s = -k + j + 308. Is k composite?
False
Suppose f - 22 = -2*m, 0*f + 5*f + 5*m = 100. Let n be (181 - 3)*f/12. Suppose -3*k - n = -4*k. Is k prime?
False
Is ((-4)/(-20))/((-17)/(-4236655)) prime?
True
Suppose 0 = 14*z + 4*z - 519138. Let l = 49272 - z. Is l prime?
True
Let k = 1113 + -462. Let h be ((-22)/(3 + -2))/(3/60). Let y = h + k. Is y composite?
False
Let d(s) = s + 3. Let l be d(2). Suppose -12 = -l*b - 3*c, b = -c + 5 - 3. Suppose 4*z + b*r + 0*r = 1423, -4*z + 3*r = -1441. Is z composite?
True
Let k(t) = 12*t - 9. Let b be k(2). Suppose 0 = -5*u + l + 3*l + b, -3*l - 6 = -2*u. Suppose -5*f - 5*y + 350 = 0, 5 = u*y + 2. Is f composite?
True
Suppose 4*d - 919177 = -5*h + 3436848, 4*h - 3484820 = 5*d. Is h composite?
True
Let m = 45629 - -169554. Is m a composite number?
False
Suppose -14*s - 5*z + 108692 = -13*s, 0 = 3*z + 9. Is s prime?
True
Is 2975 - (1 + 6/1 - 5) a prime number?
False
Let z = -83 + -356. Let i = 618 + 762. Let m = z + i. Is m prime?
True
Let c(p) be the second derivative of 433*p**3/6 + 6*p**2 + 21*p. Let s be c(3). Let i = s + 50. Is i prime?
True
Is (-6379)/((114 + -115)*2/((-2)/(-1))) a composite number?
False
Suppose -16*w + 7137 = -4799. Let u = w + -439. Is u a prime number?
True
Suppose -5*v + 17 = 47. Let d be ((-520)/6 + 4/v)*-6. Suppose -229 - d = -b. Is b composite?
True
Suppose 9*j - 48 = -15*j. Suppose 4*s = y + 13816, -j*y + 740 = s - 2705. Is s composite?
True
Let d(i) = -18*i**3 + 3*i**2 + 42*i + 6. Let f be d(-10). Suppose -25*c + f = -5889. Is c prime?
False
Let n = 3 - 4. Let f(g) be the second derivative of -386*g**5/5 - g**2/2 + 747*g - 2. Is f(n) composite?
False
Suppose 19*n - 8 = 23*n, -5*s + 870834 = -2*n. Is s composite?
True
Suppose c + 20 = 15. Let l be (c*24/(-100))/(2/10). Is ((l/(-4))/(-3))/((-1)/(-1542)) a prime number?
False
Let r be (4/3)/((-4)/6). Let j be (-7)/8*r - (-16)/64. Suppose -2*m = -j*f + 3*f - 268, 125 = m - 4*f. Is m a prime number?
False
Let c = 90 - 67. Suppose -242 = -24*y + c*y. Is y - (3 - (-4 + 2)) composite?
True
Let c = -6761 + 10392. Is c a prime number?
True
Let g(o) = 4753*o + 1791. Is g(56) composite?
False
Let t(y) = 4*y + 6*y - 200 + 483 + 2*y + 0*y. Is t(32) composite?
True
Suppose 48 = -150*m + 147*m. Is (-920)/m*(-172)/(-10) a composite number?
True
Suppose t - 3*t + 3*d - 16962 = 0, 2*t = 5*d - 16954. Is t/(-18) - (-15)/(-6) composite?
True
Suppose 19*u = 22*u - 21. Suppose -24*a + 80189 = -u*a. Is a prime?
False
Let m = 79700 - 13891. Is m a composite number?
False
Suppose -4*y - 36 = 0, -8*l - 3*y - 2549111 = -12*l. Is l a composite number?
False
Let l(m) = -9525*m - 859. Is l(-4) composite?
True
Let r = 668 + -1766. Suppose 8*y - 4335 = 6*y - 5*u, 2160 = y + 5*u. Let q = y - r. Is q a composite number?
True
Let d be 12/(-114) - (1205292/(-76) + 4). Let q = d + -8998. Is q a composite number?
False
Let a = -79 + 96. Is (a - 23)*(1 - (-1569)/(-6)) composite?
True
Let c be (6/(-12))/((-1)/32652). Suppose 0 = 32*l - 41*l + c. Is l a composite number?
True
Let h be (-17)/(-6) - 33/(-198). Suppose h*g + 2*l - 6050 = 8325, -3*g + 2*l = -14359. Is g a prime number?
True
Let y(x) = -21*x + 32 + 11*x + 6*x. Let k be y(8). Is 0 + k - (0 - 1)*907 prime?
True
Let n be 1/3 - 340/12. Let d be (-472)/n - (-1)/7. Suppose -12*s + d*s - 1595 = 0. Is s a composite number?
True
Let c(w) = -3236*w - 205. Is c(-16) a composite number?
True
Suppose 40 - 210 = -10*p. Suppose 13 = 6*r - p. Suppose 12*b - r*b - 5649 = 0. Is b a composite number?
True
Is 5/60 - (-31224019)/204 a composite number?
False
Is (-10)/(-11 - 488/(-48)) + 381617 a composite number?
False
Let x = 122179 - 67442. Is x prime?
False
Let l(r) = -3344*r**3 + 5*r**2 + r - 12. Let x be l(-3). Suppose -31*g - x = -37*g. Is g a composite number?
False
Let d(t) = 114*t - 6138*t - 2324*t + 33. Is d(-2) a prime number?
True
Suppose 5*i + 5*s - 3141810 = 0, -s - 3141780 = -7*i + 2*i. Is i a prime number?
True
Let g be (0/(-2))/(2/(-2)). Suppose g = -q + 2. Is q/7 + (-36387)/(-21) composite?
False
Let a = 90801 - -6506. Is a prime?
False
Let n = 357 - 357. Is (n - 3)*24950/(-30) a composite number?
True
Suppose -39*f - 5*t = -42*f + 3500039, 4*t = -f + 1166657. Is f prime?
False
Let f(r) = -15 + 6414*r + 1640*r + 834*r. Is f(4) composite?
False
Suppose -10*q = -5*q - 25. Suppose 5*h - 7214 - 17941 = -q*u, -4*h + 25157 = 5*u. Let j = u + -2934. Is j a prime number?
True
Let t = 113996 - -151317. Is t prime?
True
Suppose 2*u - 7*u + 1280 = 5*a, -3*a = -2*u - 788. Let h = 241 - 160. Let j = a - h. Is j a composite number?
False
Suppose -10156 = -5*i - 4*a, -5*a = -0*i - 3*i + 6064. Let n = 445 + i. Is n a composite number?
False
Let n(o) = 12*o**2 - 85. Let i(y) = 3*y + 27. Let u be i(-6). Is n(u) prime?
True
Suppose 0*k + 30 = 6*k. Suppose -5*f + 42850 = l, -5*l + k = 30. Suppose -3280 = -7*o + f. Is o a prime number?
True
Suppose -41*o = -44*o - 2*v + 338509, 4*o + v - 451347 = 0. Is o a composite number?
True
Let m = 517435 + -106784. Is m a prime number?
True
Suppose 0 = 2*f + g - 1924, -5*g = 4*f - 3393 - 467. Suppose 5*m = -2*i + i - 2703, m - 2*i = -545. Let a = m + f. Is a prime?
True
Let h(j